3
What is the value of 0 + 1 - -3 - (248 - 249) - 7?
-2
Calculate (5 - (-8 + 6)) + -6 + -4 + 33.
30
-30 + 31 + (-59 - -41)
-17
-3 - -14 - 9 - 18
-16
Evaluate 14 - (2 + 1 + (-2 - -2) + -1).
12
What is (1 - -2) + (46 - 50) + 7 + -11?
-5
What is 46 + -2 + -23 + (1 - 3) + 2?
21
What is 31 + (12 - 46) + 46 + 0 - 6?
37
Evaluate (19 + -3 - -2) + -552 + 535.
1
(1 - 0 - (24 + -14)) + 0 + 2
-7
(0 - -7) + (12 - (36 + -13 + 9))
-13
What is the value of -1 + 8 + (-6 - 8) + -2 + 28?
19
Calculate 0 - ((-1 - 3) + (-7 - 4)).
15
What is the value of 3 - 1 - ((-86 - -92) + (-1 - 0))?
-3
What is the value of 15 - (21 + -15 + (4 - -6))?
-1
What is (-1 - 1) + 16 + (-19 - 4)?
-9
What is the value of 3 - 4 - -1 - (2 + -4 + 10)?
-8
What is 17 + (-11 - 26) + 3?
-17
Calculate -3 - (-14 + (-12 - -24 - -11)).
-12
Evaluate (5 - 3) + 7 + -5 + 2 + -20.
-14
What is the value of 14 + (10 + -4 - 7) - 13?
0
What is (4 - -12) + (8 + -4 + 6 - 13)?
13
Evaluate -7 - -3 - ((3 - -3) + -6) - 7.
-11
What is the value of 26 + (-4 - -1) - 41?
-18
What is the value of -1 + -3 - (283 + -290)?
3
Calculate -4 - (0 + -14) - (30 + -23).
3
Evaluate (-9 - -16) + 3 + -5.
5
11 + 5 - (-27 + (28 - 17))
32
Calculate -9 + (22 - (7 - 1 - 6 - -4)).
9
-10 - ((-1 - 14) + 217 + -207)
-5
Evaluate (1 - -5) + 20 + -19 + -6.
1
What is the value of 6 + (7 - ((-5 - (-7 + -29)) + -6))?
-12
What is the value of (9 + -12 - -4) + -6?
-5
Calculate (-8 - (-8 - 16 - -15)) + (19 - 1).
19
-3 + -4 + 1 + (-1 - -1) + 11
5
0 - ((-2 - 2) + 3) - (-18 + 19)
0
Calculate 46 + (-28 - (7 - 5)).
16
What is the value of 36 - (16 - (-32 + 23))?
11
What is 20 - 32 - (11 + -4)?
-19
What is -18 - (-3 + (-8 - (1 + -3)))?
-9
74 - (-38 + 8 + 66)
38
What is -26 + -1 + -529 + 535?
-21
Calculate 1 - 1 - (61 - 76 - (2 + -7)).
10
22 + 0 + -1 - (93 - 85)
13
Evaluate -10 - ((-4 - -4) + -2 - 4) - 2.
-6
What is the value of (-1 - -6) + (80 - 70 - (-1 + 16))?
0
What is (9 - (1 + -1)) + (-18 - -8)?
-1
What is (1 - (-9 - -3)) + -3 + 18 + -22?
0
What is the value of 2 + 23 + -51 + (-46 - -80)?
8
Calculate (30 + -21 - (5 - 1)) + -21 + 16.
0
What is 2 + -3 + (-9 - -6)?
-4
What is 12 + -18 - (-4 + -24)?
22
What is the value of 0 + -2 + 7 + (32 + -20 - 15)?
2
What is 5 - ((9 - 13) + -8)?
17
What is 60 + 1 + (-12 - 15)?
34
-38 + (76 - (13 - 7))
32
What is -1 + 3 - (-8 + 14 + -7 + 6)?
-3
What is 9 + (-7 + 1 - (6 - 2)) + 3?
2
Calculate 1 - 5 - ((7 - 13) + 3 + -1).
0
What is the value of 11 + -3 + -6 + -11 + 23?
14
What is -1 + -7 - (-33 + 10 + 20)?
-5
Evaluate (-9 - -1) + -6 + (-20 + 2 - -15).
-17
Calculate 11 + -25 + 11 - -6.
3
What is the value of -36 - (-33 - (16 - -3))?
16
What is the value of -17 - (3 - 18) - (5 + -9 + 1)?
1
What is 0 + 4 - (168 - 187) - -5?
28
Evaluate (2 - (1 + 5 + 1)) + -6 - 2.
-13
What is -5 + 12 + (8 + -8 - -8)?
15
Evaluate -2 + (39 - 28) - 1.
8
What is the value of 24 - -29 - (33 - 1)?
21
Evaluate 0 + -9 - (-9 - 2 - (-2 - -7)).
7
Evaluate (12 + -33 - -28) + (1 - -3).
11
Calculate -1 - -24 - (324 - 310).
9
Calculate 7 + (-15 + 2 - -14).
8
Evaluate 8 - 1 - (2083 - 2047).
-29
What is 1 - (12 + -6 - (3 - 2)) - 4?
-8
What is (240 - 258) + (15 - (3 + -4))?
-2
What is the value of (-3 - -4) + -3 - (19 + -4 - 13)?
-4
What is -6 + (-19 + 14 - 4)?
-15
Calculate 22 - (-18 - (-21 + 5 + -16)).
8
Evaluate 158 - 146 - (27 - 2).
-13
Evaluate (-1 - -11) + -5 - (5 - -11) - -4.
-7
Calculate (-8 - -1) + (3 - (1 - 13)).
8
Evaluate -3 + 3 + -15 - (-62 + 69).
-22
What is the value of -6 + (-2 - (-1 + 3)) + (53 - 63)?
-20
What is the value of -6 - 5 - (1 + -4)?
-8
What is -28 + 47 + -26 + 0 + 31?
24
Evaluate (1 - (20 + 0)) + 283 + -273.
-9
What is the value of (-3 - -18) + (-10 - 2) + 7?
10
Evaluate -9 + -13 + -5 + 20 - -7.
0
Calculate (40 - 13) + (-8 - (8 + -5)).
16
(-2 - 3) + 2 + (-1 - -12)
8
Evaluate -4 + (-15 - -17 - (-21 + 8)).
11
-13 - -12 - (2 - 9) - 2
4
Evaluate 3 + (-5 - -5) + -16.
-13
Calculate 29 + -26 + (0 - 3).
0
Evaluate -9 + 6 + (-26 - -24) + (23 - 1).
17
Evaluate (-20 - -7 - -8) + 5.
0
What is 4 + -1 - 6 - ((-1 - 8) + 18)?
-12
Evaluate 32 + -34 - -26 - -4.
28
What is (-39 - -20) + (-10 - -49)?
20
Calculate 50 + (38 - 35) + -23.
30
-4 + (8 + -1 - 1 - -2)
4
What is (15 - 3) + -17 + 7?
2
205 - 190 - ((-1 - -1) + 3 - 7)
19
Evaluate -2 - ((-5 - 1) + -3) - (25 - 0).
-18
(-10 - -17 - 11) + -11
-15
Calculate 214 - 186 - (-1 + 31).
-2
(65 - 64) + -4 + 1 + -6 + 10
2
What is the value of -36 + 3 - (168 - 230)?
29
Evaluate 0 + -2 + (-2 - 2) + -14 + 14.
-6
(-1 - -1) + -10 - (549 + -558)
-1
Evaluate 0 - ((-14 + 14 - -11) + -1).
-10
Evaluate 12 + (4 - 3) + -1 - (-28 + 34).
6
What is 7 - (4 - -2 - ((3 - 39) + 9))?
-26
What is the value of 0 + (-2 - (-31 + 45))?
-16
((4 - 3) + (1 - 7) - -3) + -1
-3
1 + 1 + 19 + -17 + 1 + -16
-11
Calculate (-2 - -17) + (2 - -5 - (66 - 55)).
11
What is 2 - 6 - (-11 - (14 + -20)) - -11?
12
Calculate 1 + -24 + 23 + 19 + -1.
18
(-37 - -18) + 21 + -5
-3
Calculate 19 - (13 + 20 + -21).
7
What is the value of (4 - 1) + (2 - (19 - 10)) + 9?
5
Calculate -2 - (2 + 4 + (-16 - -5)) - 15.
-12
Calculate -4 - 11 - ((2 - -5) + -5).
-17
What is the value of (94 - 93) + (4 - 28)?
-23
What is the value of 31 - (-10 + (28 - 5))?
18
Calculate 1 + (-6 - -12 - (16 + -3 + -2)).
-4
What is the value of -2 + 1 + -13 - (1045 - 1051)?
-8
Evaluate -30 + (66 - 14 - 23).
-1
Evaluate (-105 + 123 - (-2 - (2 + -11))) + 6.
17
What is -12 + (1 - (-10 + -2))?
1
What is the value of -7 + -1 + (4 - (13 - 8) - -4)?
-5
What is 10 + (17 - 29) - 7?
-9
What is the value of -9 + (-10 - (6 - 22)) + -11?
-14
What is -3 + -11 - (-13 + -12)?
11
What is the value of -991 + 1036 - (0 - -26)?
19
18 - 12 - (2 + 10)
-6
What is the value of -1 + 3 + -2 - (1 + 9 - 12)?
2
(-6 + 3 - 4) + 3 + 38 + -2
32
Calculate -1 + 10 + (66 - 69).
6
(18 - 15) + (4 - 2) + -13 + -1
-9
What is 28 + (17 + -27 - 33)?
-15
Evaluate -12 - (-10 - -5 - -1).
-8
What is the value of (-37 - (16 - 48)) + (3 - -10)?
8
Calculate (248 - 245) + -3 + 2 + 8.
10
12 + (-30 - (-18 + -6))
6
Calculate 0 + 15 - (-149 - -173).
-9
What is 499 + -494 + -2 + 1 + 0 + -1?
3
What is the value of -24 - -16 - -21 - 21?
-8
Calculate 9 + (8 + -3 + 1 - (2 + -2)).
15
Evaluate -34 + 16 + -7 - -39.
14
What is -10 + 2 + (-1 - -5)?
-4
What is the value of (4 - 1 - 10) + 2 + -6 + 6?
-5
What is (6 - (-10 - (-4 + -1))) + -1?
10
What is -1 + 6 - (-12 + 23 + (16 - 9))?
-13
1 - 1 - ((-1 - 10) + 0 + -1)
12
Evaluate (-1 - -43) + (-30 - -13) + (-1 - 9).
15
What is the value of -17 + -3 + (-11 - (-11 - 6))?
-14
Evaluate (-2 - (7 + (-9 - 0))) + -7.
-7
(3 - (6 - (1 + 8))) + -4 + 6
8
Evaluate -2 - (-4 - (-1 + -1 + -4 + 6)).
2
(-10 - -2) + -2 + -11 + 8
-13
What is the value of -12 - (-1 + -6 - -10) - -7?
-8
-15 + (-5 - -6) + 17
3
Evaluate -16 - (-10 - (3 + 9 + -20)).
-14
What is 17 + 7 + -16 + 9 + -1 + 3?
19
(12 + -10 - -7) + 0
9
What is -10 - (-13 - (-2 + -10 + -1))?
-10
22 + -3 + 11 + -6 + (-1 - 6)
17
What is the value of -1 + 17 + (-1838 - -1811)?
-11
20 + -30 + -37 + 18
-29
Calculate 7 - (11 + -3) - 17.
-18
14 + (11 - 12) + -16
-3
What is the value of (13 - 2 - 1) + (-573 - -548)?
-15
Calculate (20 - (2 + -14 + 6)) + -10 + 10.
26
What is the value of (-15 - -37) + -13 + -3 + -2?
4
What is 5 + 28 + (-3 - -4 - (-10 - -9))?
35
20 - (-22 + 21 - -18)
3
What is -61 + (-50 - -104) - (-11 + -1)?
5
What is 6 + 9 + -36 + 12?
-9
What is -6 + (34 - 50) + 33?
11
What is the value of 1 + 1 + (-3 - (-10 - (11 + -14)))?
6
What is the value of -14 + 5 + -2 - (2 - -2)?
-15
What is the value of (-1 - (-1 + 2)) + (42 - 30)?
10
What is the value of -65 + 68 + 2 + (-1 + 3 - 3)?
4
Calculate -102 + 96 - (2 - -3).
-11
What is (-2 - -17 - 18 - 0) + -10 + -1?
-14
What is 6 - (-9 + 15 + 2) - -3?
1
What is -1 + (1 - -12 - 18) + -7?
-13
What is the value of -9 + 0 - ((0 - -4) + 16 + -10)?
-19
What is -25 + 5 + -16 + 40?
4
What is -3 + (2 - (9 + -1))?
-9
Evaluate (4 + 4 - 10) + -2 + -2.
-6
Evaluate -9 + (-4 - -7) + 13 + -3.
4
What is the value of 3 + 2 + -4 - (-5 - -2)?
4
Evaluate 13 + 1 - (9 + -17 + 1 - -3).
18
What is the value of (-1240 - -1241) + -1 + (-1 - 0) - 4?
-5
11 + -8 + -4 - (2 - -7)
-10
Calculate 7 + -8 + (28 - 10) + -9.
8
Calculate -4 - -2 - (-13 - (37 + -77)).
-29
1 - ((6 - 16) + 10 + 5)
-4
What is the value of -7 + 1 + 18 + (46 - 48) - 4?
6
What is (-7 + 3 - 